 factors of o?
2
Let d = 1 + 2. Suppose -2*f - 2*i + 30 = 0, -d*i = i + 20. What are the prime factors of f?
2, 5
Suppose -5*w = -1 - 9. Suppose w*u - 2*s - 18 = -6*s, -s = u - 10. List the prime factors of u.
11
Let a(r) = 3*r**2 + 2*r - r**3 + 3 - 2 - 3*r. Let u be a(2). What are the prime factors of (-1 - (-2 + u)) + 13?
11
Let o(q) = 2*q**2 + 5*q**2 + 2*q + 2*q**2 - 2. List the prime factors of o(-2).
2, 3, 5
Let i = 68 + -43. List the prime factors of i.
5
Let i(g) be the third derivative of g**5/60 + g**4/3 + 2*g**3 + 4*g**2. Let t be 6/(-2)*8/3. List the prime factors of i(t).
2, 3
Let s(o) = -2*o**3 - 4*o**2 - 4*o + 5. Let a(k) = -k**3 - 5*k**2 - 5*k + 6. Let v(x) = -4*a(x) + 5*s(x). Let b = -4 - -3. What are the prime factors of v(b)?
7
What are the prime factors of (5 + -4)/(4/356)?
89
Suppose -13 = -4*h - 5*z, 2*h + z + 2*z - 7 = 0. List the prime factors of (6/h)/((-15)/(-55)).
11
Suppose -106 = -16*q + 14*q. What are the prime factors of q?
53
Suppose -2*r - 4*q - 4 = r, r = 2*q + 2. Suppose r = -4*s - 3*y + 42, 4*s + 0*y + y - 38 = 0. What are the prime factors of s?
3
Suppose 4*w = 4*i - 140, 3*w = 4*i - 64 - 43. Let t = 56 + w. List the prime factors of t.
23
Suppose -5*r = -4*q - 81, -3*r + 13 = q - 22. List the prime factors of r.
13
Let g = 31 + 74. List the prime factors of g.
3, 5, 7
Suppose 3*i + 52 - 253 = 0. Let c = i - 39. What are the prime factors of c?
2, 7
Let m be 18 - (-2 - (-3)/3). Suppose 2*h - 24 = -l, -5*h - m = -4*l + 12. Suppose -x = x - l. What are the prime factors of x?
7
Let n = 10 + -17. Let d = n + 5. List the prime factors of 0 + 2 + d + 11.
11
Suppose -81 - 36 = -3*q. What are the prime factors of q?
3, 13
Suppose 5*b - 730 = 300. List the prime factors of b.
2, 103
List the prime factors of ((-110)/(-4) + 0)/((-2)/(-4)).
5, 11
Let b be (-58)/(-8) + 6/(-24). Let s = b - 2. Suppose s*v - v - 44 = 0. What are the prime factors of v?
11
What are the prime factors of 255/6*(-24)/(-20)?
3, 17
Let v(u) = -u**3 + 13*u**2 - 4*u. List the prime factors of v(12).
2, 3
Suppose -903 = -3*n + 5*d + 412, n - 3*d = 433. List the prime factors of n.
5, 89
Suppose 5*q = -5*g + 385, 4*q - 3*g - 85 = 3*q. What are the prime factors of q?
79
Let z(f) = -f**2 - f + 4. Let v be z(0). List the prime factors of 6 + v - (1 - 1).
2, 5
What are the prime factors of 1 - (-28 - (1 - 0))?
2, 3, 5
Let d = 174 - 120. What are the prime factors of d?
2, 3
Let v(r) = r**2 - 7*r + 9. Let h be v(6). Suppose 0 = -h*u - 12, 3*q + 3*u = -7 + 1. What are the prime factors of q?
2
Suppose -3*k + 26 = -k. What are the prime factors of k?
13
Let y be (-2)/(-3)*(-9)/(-2). Let x = y + 6. What are the prime factors of x?
3
Let k = 20 + -24. Let w(l) = -1. Let q(z) = 3*z + 1. Let v(s) = -q(s) + 4*w(s). What are the prime factors of v(k)?
7
Let x = 102 - 59. Suppose 3*t - 4*z = -2*z + x, -z = 4*t - 50. What are the prime factors of t?
13
Let a(q) = -q**3 + 9*q**2 - q - 7. Let j be a(6). Suppose 0 = 5*c + 5*l - 60, -3*c = -8*c + 2*l + j. List the prime factors of c.
17
Suppose -k + 52 = 3*m, m - 16 = -3*k + 12. What are the prime factors of m?
2
Let f = 110 - 17. What are the prime factors of f?
3, 31
Suppose f = 2*f - 11. List the prime factors of f.
11
Suppose 0 = 2*t - 71 - 15. What are the prime factors of t?
43
Suppose 4*n + 3*x + 4 = 0, -x - 4 = -n - 3*x. Let l = -7 - n. List the prime factors of l/((-6)/7)*2.
7
Let w be 2/4*0/1. Suppose w*d + d = 5. Suppose -5*l + 8 = -4*s - 6, 0 = -5*l + d*s + 10. What are the prime factors of l?
2, 3
Let r(y) = y**3 + 2*y**2 - 2*y - 2. Let w = -8 + 6. What are the prime factors of r(w)?
2
Let l(f) be the third derivative of f**6/120 - f**5/10 - f**4/4 + 5*f**3/6 - 6*f**2. Let n(y) = y. Let i be n(7). What are the prime factors of l(i)?
2, 3
Let k(r) = -r**2 + 5*r - 4. Let n be k(5). Let y(z) = z**3 + 4*z**2 + 3*z + 2. Let h be y(-3). What are the prime factors of 4*((-13)/n - h)?
5
Let s be 158/14 - (-4)/(-14). Let t = s + -7. Suppose -26 = -2*p - 5*d, 28 = -p + 5*p + t*d. List the prime factors of p.
3
Suppose -209 - 34 = 3*v. What are the prime factors of 4/(-6)*v/6?
3
Suppose 3*b - 161 = -26. List the prime factors of b.
3, 5
Let t = 410 + -34. What are the prime factors of t?
2, 47
Suppose -61 = -2*g - 1. What are the prime factors of g?
2, 3, 5
List the prime factors of ((-4)/(-6))/((-6)/(-1422)) - 2.
2, 3, 13
Let x = 27 + -36. Let w = -31 + 4. Let v = x - w. What are the prime factors of v?
2, 3
Suppose -9 = -2*j + 17. Let w be (-1)/4 + 3/12. What are the prime factors of -1 - (1 + w - j)?
11
Let p(t) = 15*t**2 + 2*t - 7. List the prime factors of p(-4).
3, 5
Let j(v) = v + 6. Let q be j(-3). List the prime factors of 1 + 7 + q/(-1).
5
Let l(p) = p**2 - 1. Let j be l(3). Let v be -3*-1*j/3. Suppose 3*y - 25 = v. List the prime factors of y.
11
Suppose 27 - 272 = -k. List the prime factors of k.
5, 7
Suppose 0*v = 5*v. Suppose -3*t = v, 5*s + 5*t = s + 132. Suppose -4*o = 4*b - 32, 3*o - s - 3 = -5*b. List the prime factors of b.
2, 3
Let m = 6 + -4. Suppose -2*b = m*b - 40. Let h = b + -5. What are the prime factors of h?
5
Suppose 0 = 4*q + 5*j - 26, 2*j + j + 6 = 3*q. List the prime factors of 2 - 1/(q/(-8)).
2
Suppose 6 = 3*s - 6. Let l(o) = -o**3 + 2*o**2 - o - 8. Let v be l(-2). What are the prime factors of 4*(1 + v/s)?
2, 7
Let h be (-8)/((2 - -2)/(-2)). Let w = 9 - h. Suppose -48 + 3 = -w*o. What are the prime factors of o?
3
Let l be 2/((-2)/((-16)/1)). Let v = l + -10. List the prime factors of 5 - (-4 + v/3).
7
Suppose -4 = -3*h + 29. Let o = h - 9. What are the prime factors of o?
2
Let u be 2 - (-5 - -3 - -4). Suppose u = -m - 3*m + 72. What are the prime factors of m?
2, 3
What are the prime factors of 114 + 2 + 9/3?
7, 17
Let c(x) = -4*x - 15. What are the prime factors of c(-13)?
37
Let d = -25 - -43. Suppose 0 = 6*g - 5*g - d. List the prime factors of g.
2, 3
Suppose -73 - 559 = -4*j. List the prime factors of j.
2, 79
Suppose 4*l - 202 = 2*w - l, 0 = -4*l - 8. What are the prime factors of 3/(-6) - w/4?
2, 13
Let s(g) = 6*g**3 - g**2 - g + 3. What are the prime factors of s(2)?
3, 5
Let v(z) = 5*z + 7. List the prime factors of v(9).
2, 13
Let d = 2 - -2. List the prime factors of 3 + -1 - d - -44.
2, 3, 7
Let v(f) be the second derivative of f**4/4 - f**3/6 - f**2 - 2*f. Let i(y) be the first derivative of v(y). What are the prime factors of i(1)?
5
Let f(c) = c**2 - 5*c + 10. Let w be f(8). Suppose -5*p + w = -66. Suppose 3*u + 2*u - p = 0. List the prime factors of u.
2
Let i = -115 + 130. List the prime factors of i.
3, 5
Let w(j) = j**2 + 6. What are the prime factors of w(6)?
2, 3, 7
Suppose 0 = -2*n + 4347 + 413. List the prime factors of n/63 - 2/(-9).
2, 19
What are the prime factors of -1 - (-3)/(12/160)?
3, 13
Let h = 264 + -121. List the prime factors of h.
11, 13
Suppose 3*g = 60 - 9. List the prime factors of g.
17
Let o = 3 + -3. Suppose -15 = 4*w + 29. Let u = o - w. What are the prime factors of u?
11
List the prime factors of 2/9 + 698/18.
3, 13
Suppose 86 = 4*t + 22. List the prime factors of t.
2
Suppose 4*u + 5*c - 57 = 0, 2*c + 6 = 2*u - 0*c. Suppose 6*y = 2*y + 60. Let g = y - u. What are the prime factors of g?
7
Suppose 4*k - 130 + 26 = 0. Let m = k - 11. List the prime factors of m.
3, 5
Let k be ((-204)/9)/((-2)/6). Suppose 3*r + 34 = t - 3, 2*t - 4*r - k = 0. List the prime factors of t.
2, 7
Let t(h) = h**3 + 13*h**2 - 2*h - 12. What are the prime factors of t(-13)?
2, 7
Suppose -5 = 4*u - 49. What are the prime factors of u?
11
Let r = 7 - -22. List the prime factors of r.
29
Suppose -41 = -3*a - 17. Let u = 16 - a. List the prime factors of u.
2
Let i(b) = 76*b**2 - b - 2. List the prime factors of i(-1).
3, 5
Let f be (5/2)/((-2)/(-4)). Let h(u) = 2*u**3 - 2*u**2 - 2*u. Let w be h(2). Suppose 5*v - 70 = -5*s, w*v - 3*s - f = 16. What are the prime factors of v?
3
Suppose -2 + 18 = 4*x. Suppose 3*c - 4*r = -2*c - 72, -r = x*c + 45. What are the prime factors of -2*(-3)/c*-14?
7
Suppose 16*g - 10*g - 852 = 0. List the prime factors of g.
2, 71
Suppose 0 = -3*o + 4*o + p, -o + 3*p = -12. Suppose s = o*g + 27, 2*s + 3*s - 3*g - 87 = 0. List the prime factors of s.
3, 5
Let i be ((-24)/10)/3*-95. Suppose -2*g - i = -5*h, -4*h + 16 + 37 = g. What are